What is the units digit of 3503?
3
What is the units digit of 80292?
2
What is the units digit of 13086?
6
What is the units digit of 15502?
2
What is the hundreds digit of 2380?
3
What is the thousands digit of 9726?
9
What is the tens digit of 31691?
9
What is the tens digit of 1861?
6
What is the thousands digit of 5503?
5
What is the tens digit of 1632?
3
What is the units digit of 63109?
9
What is the hundreds digit of 5493?
4
What is the tens digit of 2840?
4
What is the units digit of 55144?
4
What is the tens digit of 107829?
2
What is the units digit of 38725?
5
What is the hundreds digit of 566?
5
What is the ten thousands digit of 58402?
5
What is the tens digit of 983?
8
What is the tens digit of 2102?
0
What is the tens digit of 77?
7
What is the hundreds digit of 2580?
5
What is the tens digit of 10480?
8
What is the ten thousands digit of 11511?
1
What is the thousands digit of 4662?
4
What is the units digit of 10294?
4
What is the ten thousands digit of 20138?
2
What is the units digit of 408?
8
What is the thousands digit of 2015?
2
What is the thousands digit of 13708?
3
What is the tens digit of 59084?
8
What is the units digit of 53919?
9
What is the tens digit of 1651?
5
What is the tens digit of 711?
1
What is the units digit of 40539?
9
What is the hundreds digit of 23405?
4
What is the tens digit of 51034?
3
What is the tens digit of 469?
6
What is the ten thousands digit of 45367?
4
What is the hundreds digit of 10394?
3
What is the hundreds digit of 8952?
9
What is the tens digit of 5764?
6
What is the tens digit of 74716?
1
What is the units digit of 994?
4
What is the units digit of 938?
8
What is the ten thousands digit of 46123?
4
What is the hundreds digit of 5698?
6
What is the ten thousands digit of 26273?
2
What is the hundreds digit of 3328?
3
What is the units digit of 2816?
6
What is the tens digit of 6153?
5
What is the thousands digit of 3135?
3
What is the ten thousands digit of 28458?
2
What is the hundreds digit of 8238?
2
What is the units digit of 896?
6
What is the ten thousands digit of 68988?
6
What is the units digit of 3910?
0
What is the tens digit of 5784?
8
What is the hundreds digit of 1176?
1
What is the thousands digit of 1164?
1
What is the tens digit of 61?
6
What is the units digit of 5353?
3
What is the units digit of 2034?
4
What is the tens digit of 25069?
6
What is the hundreds digit of 254?
2
What is the hundreds digit of 9175?
1
What is the thousands digit of 1649?
1
What is the ten thousands digit of 68697?
6
What is the tens digit of 42397?
9
What is the units digit of 1363?
3
What is the tens digit of 3385?
8
What is the hundreds digit of 49535?
5
What is the thousands digit of 26116?
6
What is the thousands digit of 7211?
7
What is the hundreds digit of 972?
9
What is the hundreds digit of 985?
9
What is the tens digit of 2805?
0
What is the ten thousands digit of 53120?
5
What is the tens digit of 1973?
7
What is the hundreds digit of 1134?
1
What is the ten thousands digit of 16417?
1
What is the units digit of 934?
4
What is the units digit of 55596?
6
What is the tens digit of 6630?
3
What is the tens digit of 29231?
3
What is the hundreds digit of 423?
4
What is the hundreds digit of 1714?
7
What is the hundreds digit of 3514?
5
What is the thousands digit of 51031?
1
What is the thousands digit of 1100?
1
What is the units digit of 60962?
2
What is the tens digit of 2385?
8
What is the tens digit of 80?
8
What is the hundreds digit of 1999?
9
What is the units digit of 55192?
2
What is the tens digit of 27076?
7
What is the thousands digit of 8681?
8
What is the thousands digit of 51161?
1
What is the tens digit of 900?
0
What is the tens digit of 1284?
8
What is the units digit of 3167?
7
What is the hundreds digit of 9204?
2
What is the tens digit of 28285?
8
What is the tens digit of 59?
5
What is the hundreds digit of 198?
1
What is the hundreds digit of 61341?
3
What is the tens digit of 10614?
1
What is the hundreds digit of 6095?
0
What is the tens digit of 3418?
1
What is the hundreds digit of 3456?
4
What is the hundreds digit of 2143?
1
What is the tens digit of 9358?
5
What is the tens digit of 30319?
1
What is the tens digit of 1890?
9
What is the units digit of 2169?
9
What is the units digit of 3274?
4
What is the units digit of 52900?
0
What is the units digit of 1023?
3
What is the ten thousands digit of 14093?
1
What is the ten thousands digit of 61207?
6
What is the hundreds digit of 1919?
9
What is the ten thousands digit of 11544?
1
What is the thousands digit of 86182?
6
What is the tens digit of 64176?
7
What is the tens digit of 5182?
8
What is the hundreds digit of 11384?
3
What is the ten thousands digit of 21112?
2
What is the tens digit of 365?
6
What is the hundreds digit of 3392?
3
What is the hundreds digit of 274?
2
What is the hundreds digit of 22575?
5
What is the tens digit of 3826?
2
What is the thousands digit of 29890?
9
What is the units digit of 34153?
3
What is the hundreds digit of 704?
7
What is the units digit of 7212?
2
What is the thousands digit of 2386?
2
What is the hundreds digit of 905?
9
What is the hundreds digit of 104?
1
What is the tens digit of 35997?
9
What is the hundreds digit of 25308?
3
What is the units digit of 922?
2
What is the thousands digit of 39553?
9
What is the units digit of 2987?
7
What is the units digit of 4136?
6
What is the thousands digit of 62183?
2
What is the tens digit of 1776?
7
What is the units digit of 4563?
3
What is the thousands digit of 1040?
1
What is the hundreds digit of 187889?
8
What is the hundreds digit of 516?
5
What is the hundreds digit of 23336?
3
What is the hundreds digit of 11376?
3
What is the tens digit of 5418?
1
What is the hundreds digit of 4865?
8
What is the thousands digit of 4155?
4
What is the units digit of 6564?
4
What is the hundreds digit of 74916?
9
What is the hundreds digit of 471?
4
What is the tens digit of 74721?
2
What is the thousands digit of 1354?
1
What is the units digit of 59138?
8
What is the ten thousands digit of 38849?
3
What is the tens digit of 16186?
8
What is the tens digit of 21668?
6
What is the units digit of 3131?
1
What is the units digit of 2027?
7
What is the hundreds digit of 545?
5
What is the tens digit of 36770?
7
What is the thousands digit of 5370?
5
What is the units digit of 39393?
3
What is the thousands digit of 79692?
9
What is the tens digit of 5110?
1
What is the ten thousands digit of 44405?
4
What is the tens digit of 68155?
5
What is the units digit of 13?
3
What is the hundreds digit of 17668?
6
What is the units digit of 1153?
3
What is the thousands digit of 45763?
5
What is the hundreds digit of 801?
8
What is the units digit of 1422?
2
What is the ten thousands digit of 118562?
1
What is the tens digit of 358?
5
What is the tens digit of 35563?
6
What is the ten thousands digit of 25332?
2
What is the hundreds digit of 538?
5
What is the tens digit of 146?
4
What is the hundreds digit of 4601?
6
What is the units digit of 3826?
6
What is the thousands digit of 1661?
1
What is the tens digit of 19076?
7
What is the thousands digit of 9528?
9
What is the thousands digit of 4134?
4
What is the thousands digit of 4586?
4
What is the tens digit of 1532?
3
What is the tens digit of 1026?
2
What is the thousands digit of 7348?
7
What is the units digit of 2522?
2
What is the thousands digit of 147029?
7
What is the hundreds digit of 578?
5
What is the units digit of 5674?
4
What is the units digit of 31827?
7
What is the hundreds digit of 1136?
1
What is the thousands digit of 15041?
5
What is the hundreds digit of 4393?
3
What is the hundreds digit of 5261?
2
What is the hundreds digit of 185?
1
What is the thousands digit of 12051?
2
What is the units digit of 14037?
7
What is the hundreds digit of 122?
1
What is the ten thousands digit of 35546?
3
What is the tens digit of 912?
1
What is the thousands digit of 5469?
5
What is the units digit of 31871?
1
What is the hundreds digit of 5870?
8
What is the tens digit of 1765?
6
What is the units digit of 940?
0
What is the units digit of 12?
2
What is the tens digit of 51963?
6
What is the ten thousands digit of 39361?
3
What is the units digit of 1472?
2
Wha